reatest common factor of 1996791389 and 8501.
8501
Calculate the greatest common factor of 11 and 15531681.
11
What is the highest common factor of 7293209 and 441?
49
What is the highest common factor of 580009 and 14351?
127
What is the highest common factor of 1098 and 434394?
18
What is the greatest common factor of 101282020 and 420?
140
What is the greatest common divisor of 16868 and 5663431?
4217
What is the greatest common divisor of 71825406 and 14?
2
What is the highest common factor of 51180024 and 168?
168
What is the highest common divisor of 3474 and 158454?
18
Calculate the highest common divisor of 30 and 37844860.
10
What is the highest common factor of 198 and 570631732?
22
Calculate the highest common divisor of 178160 and 18641520.
1360
What is the highest common factor of 11613 and 1091792324?
3871
Calculate the highest common divisor of 903 and 9173577.
903
Calculate the greatest common factor of 19970 and 17351933.
1997
What is the greatest common factor of 1279254 and 6?
6
Calculate the highest common factor of 12788675 and 4063.
17
What is the greatest common factor of 598166 and 976?
122
What is the highest common factor of 56 and 1047216716?
28
Calculate the greatest common factor of 248264 and 36536.
8
Calculate the greatest common divisor of 139213 and 38760.
323
Calculate the greatest common divisor of 45846 and 15633.
81
What is the highest common factor of 2196 and 5783044?
244
Calculate the highest common divisor of 33216 and 53184.
192
What is the highest common factor of 340 and 57604670?
170
What is the highest common factor of 190 and 73740710?
190
Calculate the highest common factor of 1969212 and 121746.
1182
Calculate the highest common factor of 126771174 and 18.
18
What is the highest common divisor of 5149475 and 2109?
703
What is the highest common factor of 5350734 and 162?
18
Calculate the highest common factor of 642552 and 17466.
246
Calculate the highest common factor of 9367 and 68237493.
551
What is the greatest common factor of 29560 and 71485?
5
Calculate the greatest common factor of 82 and 1244053037.
41
Calculate the highest common factor of 10792912 and 624.
208
Calculate the greatest common factor of 31487845 and 760.
95
Calculate the highest common factor of 290 and 75199900.
290
What is the greatest common factor of 565 and 1350011?
113
Calculate the highest common divisor of 18197043 and 6725.
269
Calculate the greatest common divisor of 129368 and 12154.
206
Calculate the greatest common divisor of 110 and 186369810.
110
What is the greatest common divisor of 1031130615 and 555?
555
What is the greatest common divisor of 738895 and 55?
5
Calculate the greatest common factor of 4708 and 28745764.
428
What is the greatest common factor of 2246800 and 2189260?
2740
Calculate the highest common factor of 5671 and 240355.
53
Calculate the highest common factor of 368038629 and 189.
63
What is the greatest common divisor of 267 and 635727?
267
What is the greatest common divisor of 1226344 and 96212?
1436
Calculate the highest common factor of 74826 and 642186.
18
What is the highest common divisor of 570061142 and 266?
266
What is the highest common divisor of 8349802 and 9228?
1538
What is the highest common factor of 1658369 and 9085?
23
What is the highest common factor of 294 and 6692658?
42
Calculate the highest common factor of 8320 and 2458256.
16
What is the greatest common divisor of 14027 and 817115?
169
Calculate the greatest common factor of 50568 and 42281169.
6321
What is the highest common factor of 607482 and 12?
6
What is the highest common factor of 4934316 and 84?
12
What is the highest common factor of 35431 and 105127?
11
What is the highest common divisor of 120 and 777576?
24
Calculate the highest common factor of 6804 and 660030.
42
What is the highest common divisor of 232835 and 4315?
5
Calculate the greatest common factor of 5358 and 39450.
6
Calculate the greatest common factor of 40497803 and 771.
257
Calculate the greatest common factor of 224445 and 78.
39
Calculate the greatest common divisor of 608 and 349524.
76
Calculate the greatest common divisor of 116016 and 35808.
48
Calculate the greatest common divisor of 11124 and 920511.
2781
Calculate the highest common divisor of 3099488 and 176144.
1616
Calculate the highest common divisor of 40170 and 19695.
195
What is the highest common divisor of 9647 and 15128?
1
Calculate the greatest common factor of 11023182 and 2.
2
What is the highest common factor of 32110652 and 70?
14
What is the greatest common factor of 16342840 and 200?
40
What is the highest common factor of 168 and 5157453?
21
Calculate the highest common factor of 247 and 722774.
13
Calculate the greatest common divisor of 2921 and 527689.
23
What is the highest common divisor of 2180715 and 2685?
15
What is the highest common divisor of 23656526 and 933?
311
Calculate the greatest common divisor of 13405664 and 224.
32
Calculate the greatest common divisor of 52712 and 106972415.
6589
Calculate the highest common factor of 11321240 and 840.
280
Calculate the greatest common divisor of 36356381 and 2132.
41
What is the greatest common divisor of 14775436 and 91536?
7628
What is the highest common divisor of 24713472 and 8064?
2688
What is the highest common factor of 3880115 and 63395?
155
Calculate the highest common factor of 14438817 and 2673.
243
Calculate the highest common factor of 102 and 518109.
51
Calculate the greatest common factor of 19485260 and 15980.
940
Calculate the greatest common divisor of 5460147 and 2079.
693
What is the highest common divisor of 46249300 and 100?
100
What is the highest common divisor of 2530 and 239998?
22
What is the greatest common factor of 18170978 and 98?
14
What is the greatest common factor of 142 and 3093426?
2
Calculate the highest common divisor of 876248 and 2168.
8
What is the highest common divisor of 20292 and 25593?
57
Calculate the greatest common factor of 14880 and 4171980.
1860
What is the highest common divisor of 986 and 1117036?
34
What is the greatest common divisor of 330382696 and 2744?
392
What is the greatest common divisor of 1122064 and 38000?
304
Calculate the highest common factor of 2004358 and 230.
46
Calculate the greatest common divisor of 851 and 7712539.
37
What is the highest common divisor of 97399354 and 1476?
82
What is the greatest common factor of 17751857 and 319?
29
Calculate the highest common divisor of 88627 and 693.
77
Calculate the greatest common divisor of 211434 and 324225.
393
Calculate the highest common factor of 585 and 19140615.
585
Calculate the greatest common factor of 2417 and 4616.
1
What is the highest common factor of 11024522 and 95?
19
What is the greatest common factor of 343457388 and 426?
426
Calculate the highest common factor of 24804 and 248864256.
1908
What is the greatest common divisor of 5039825 and 4340?
1085
Calculate the highest common divisor of 46 and 13709886.
46
Calculate the highest common factor of 53285823 and 1293.
1293
Calculate the highest common divisor of 708902083 and 265.
53
Calculate the highest common factor of 5400 and 4232520.
1080
Calculate the highest common divisor of 176358949 and 13.
13
Calculate the greatest common factor of 22 and 16499648.
22
What is the highest common divisor of 8256 and 218854176?
4128
What is the highest common divisor of 502022 and 197348?
206
Calculate the highest common divisor of 5768867 and 377.
13
Calculate the highest common factor of 228572 and 5356.
4
What is the highest common factor of 32364 and 1109583?
279
Calculate the highest common divisor of 81675891 and 297.
297
Calculate the highest common divisor of 107274 and 83904.
114
What is the highest common divisor of 128704 and 116032?
64
What is the greatest common divisor of 484016 and 299468?
676
Calculate the greatest common factor of 175 and 16866430.
35
Calculate the greatest common factor of 32 and 31369168.
16
Calculate the highest common factor of 162403993 and 20541.
6847
Calculate the greatest common factor of 676639 and 35873.
1237
Calculate the highest common factor of 18390829 and 7625.
61
What is the greatest common divisor of 146820 and 5280?
60
What is the greatest common factor of 13345519 